3*q = -15. What are the prime factors of q?
5
Let f = 421 + -253. List the prime factors of f.
2, 3, 7
What are the prime factors of 2/15*12*35?
2, 7
Let g(c) = 4*c + 2. Let l(n) = 20*n + 10. Let t(z) = -14*g(z) + 3*l(z). What are the prime factors of t(4)?
2, 3
Let u = 6 + 31. What are the prime factors of u?
37
List the prime factors of (5 - 8)*(-89)/3.
89
What are the prime factors of 7/((-42)/(-1336)) - 6/9?
2, 3, 37
Let q(m) = -3*m - 10. Let j be q(-9). Let i = 6 + j. List the prime factors of i.
23
Let c = 6 - 7. What are the prime factors of (4/(-10))/(c/5)?
2
Suppose -3*m - 20 = -56. What are the prime factors of (-454)/(-18) + m/(-54)?
5
Let s(l) = -2*l. Let g be s(9). Let q = g - -25. Let a = q + -5. List the prime factors of a.
2
Let u be 470/(-6) - 4/6. Let h = u - -43. Let p = 51 + h. What are the prime factors of p?
3, 5
Suppose -4*g = -4*x + 124, 0*x - 2*x - g = -47. List the prime factors of x.
2, 13
What are the prime factors of (-9 - -4 - -4)*(-26)/1?
2, 13
Let v(q) = -q**2 - 11*q + 15. Let a be v(-11). Let w = a + 3. What are the prime factors of w?
2, 3
Let f = 7 + -1. Suppose 3*p - v - 7 = -f*v, -2*v + 14 = 4*p. List the prime factors of p.
2
List the prime factors of 44 + (5 + -1 - 6).
2, 3, 7
Let f = 14 - 12. Suppose f*i - 56 = -2*i. List the prime factors of i.
2, 7
Let j be -1*(0 - -2 - 10). Let l = j + -6. What are the prime factors of l?
2
Let q(j) = -j**3 - 10*j**2 - 7*j - 7. Let f be q(-10). Suppose -4*g = -g - f. What are the prime factors of g?
3, 7
Let c(h) = -2*h**2 - 11 + 15*h**2 + 5*h + 4*h**3 + 2*h**3. Let m(p) = p**3 + p**2 - 1. Let v(f) = c(f) - 5*m(f). What are the prime factors of v(-7)?
2
Suppose 38 = -3*i - 34. Let j = i + 44. Suppose 2*q - j = m, -4*q + 2*m + 52 = q. List the prime factors of q.
2, 3
Suppose -3*l = l + r - 13, -2*l + r = 1. List the prime factors of (l/(-4))/((-2)/92).
23
Let d = 8 + -4. Suppose 3*c + d*k - 2 = 0, -2*c + 0*c - 12 = -4*k. List the prime factors of (-132)/(-18) - c/(-6).
7
Suppose 2*h = -h + 9. Suppose -3*z + 15 = h*j, 4*j = -2*z + 13 + 17. Let p = j - 4. What are the prime factors of p?
2, 3
Suppose -5*a + 3 = -42. What are the prime factors of a?
3
Let a = 23 + -15. Let c = a - 5. List the prime factors of c.
3
Let m be 11/((1 - 0)*1). Suppose -5*i + 12 = -88. Let o = i - m. What are the prime factors of o?
3
Let l(y) = 38*y - 5. Let f be l(-2). List the prime factors of (-5)/(f/(-21) + -4).
5, 7
Suppose -4*t = 20, -4*y = -4*t - 73 - 35. List the prime factors of y.
2, 11
Suppose 2*o = 4*o - 6. Suppose o*f - 5*q - 29 = 0, -2 = -q - 6. Suppose 2*d - 10 = f*r, -6 - 6 = -d - 2*r. List the prime factors of d.
2
List the prime factors of 2 - ((-3050)/12 + (-9)/(-54)).
2
Let t = -33 - -72. What are the prime factors of t?
3, 13
Let g = 7 + -4. Suppose -g*y + 4 + 62 = 0. List the prime factors of y.
2, 11
Suppose 7*b - 233 = 257. What are the prime factors of b?
2, 5, 7
Let s(m) = 5 - 3 + 4*m**2 + 4*m - 2 + 5. Let o be s(-5). Suppose 0 = -t - 4*t + o. What are the prime factors of t?
17
Let l = 218 - 151. What are the prime factors of l?
67
Suppose 4*j = -3*f + 800, -2*j - 3*f + 4*f = -400. List the prime factors of j.
2, 5
Let l be -2*(1/(-1))/1. Suppose l*h - 26 = -0*h. List the prime factors of h.
13
Let n = 15 + -11. Let t = n + -1. Suppose t*u = 3*r - 3, 4*u - 2*r + 0*r - 6 = 0. What are the prime factors of u?
2
Suppose -n = -6*n + 15. Let y(j) = -4*j**3 + 2*j**2 + 5*j - 1. Let f(z) = -z**3 + z**2 + z - 1. Let x(q) = -5*f(q) + y(q). List the prime factors of x(n).
2
Let u(g) = -8*g + 2. Let m be u(-2). Suppose 4*f = m + 6. What are the prime factors of f?
2, 3
Let g be (-94)/(-14) - (-2)/7. Let b = g + 15. Suppose 4*w = -2*k + b, -33 + 4 = -5*w - 4*k. List the prime factors of w.
5
Let v = -2 - -4. Let m = 11 - v. What are the prime factors of m?
3
Suppose l = -l + 6. Suppose 10 = -2*i + l*i. Suppose 0 = -5*n - 0 + i. What are the prime factors of n?
2
Let o(a) = -a**3 + 6*a**2 - 5*a + 1. Let q be o(5). Let g(c) = -c**3 + 2*c - 1. Let y be g(-2). List the prime factors of (-3)/(q/((-4)/y)).
2
Let b = 1 - 2. Let o be (b - 1 - -1) + 4. Suppose 9 = 3*r + 4*q, -r - 2*q - q = -o. List the prime factors of r.
3
Suppose 0 = 3*q + 152 - 347. What are the prime factors of q?
5, 13
Suppose 13*i = 19*i - 1374. List the prime factors of i.
229
Suppose -36 = -4*n - 2*n. List the prime factors of n.
2, 3
Suppose 25 = 2*o - 3*n, 0*o - o + n + 11 = 0. Suppose a + 1 = o. Suppose -4*r + a*r = 12. List the prime factors of r.
2
What are the prime factors of (-291)/(-18) + (-2)/12?
2
Let v(u) = u**2 + 8*u + 7. Let w be v(-7). What are the prime factors of (1 - w) + -3 + 12?
2, 5
Suppose 5 = 5*o, -5*j + 2*j - 2*o + 17 = 0. List the prime factors of j.
5
Suppose 3*a = 8*a. Let g(o) = -o**2 + 11. List the prime factors of g(a).
11
What are the prime factors of ((-81)/6 - -2)*-10?
5, 23
Let x = -1 - -1. Suppose x = a - 18 - 0. What are the prime factors of a?
2, 3
Suppose 12 + 70 = d. List the prime factors of d.
2, 41
Let k(b) = -24*b**3 + b**2 - b - 1. What are the prime factors of k(-1)?
5
Suppose 7 - 21 = -v. List the prime factors of v.
2, 7
Let k = -87 - -158. List the prime factors of k.
71
Let j be -1*10*(-1)/2. Suppose 37 + 13 = j*q. What are the prime factors of q?
2, 5
Let c = -8 + 2. Let s = c - -21. List the prime factors of s.
3, 5
Let b(q) = 2*q**2 - 6*q - 5. List the prime factors of b(8).
3, 5
Suppose 4*b - 6 = 3*b. Let f = -4 + 0. Let y = f + b. What are the prime factors of y?
2
Let f = 6 + 83. What are the prime factors of f?
89
Suppose -82 = -2*i + 6*l - l, -4*i - l + 120 = 0. Suppose -4*t + 9 = -i. What are the prime factors of t?
2, 5
Let i be (46/(-4))/((-7)/2 - -3). Let s(y) = 10*y**2 - 1. Let p be s(-1). Let a = i - p. List the prime factors of a.
2, 7
Let j = 10 + -7. Suppose 0 = -j*z - 5*k + 33, -7*k = 2*z - 5*k - 18. What are the prime factors of z?
2, 3
Suppose 0 = -2*w + 4*i + 8, 5*i + 3 = 3*w + 8*i. Let n = w + -2. Let g(o) = -o**2 - o + 2. What are the prime factors of g(n)?
2
Suppose 0 = -5*u + 66 + 89. What are the prime factors of u?
31
Suppose -5*p + 9 = -11. Suppose 3*h - 9 = 4*g, -5 - p = -3*h - 5*g. What are the prime factors of h?
3
Let u = -125 + 291. What are the prime factors of u?
2, 83
Let x(g) be the second derivative of 5*g**4/24 + g**2 - 4*g. Let u(l) be the first derivative of x(l). What are the prime factors of u(2)?
2, 5
Let j = -1 - 4. List the prime factors of ((-12)/j)/((-6)/(-20)).
2
What are the prime factors of 4 + (13 + -1 - 1)?
3, 5
Suppose -3*c = 4*q + c - 244, -4*c + 16 = 0. List the prime factors of q.
3, 19
Let l(j) = -7*j**3 + 10*j**2 - 13*j - 9. Let o(p) = -11*p**3 + 15*p**2 - 20*p - 14. Let a(t) = -8*l(t) + 5*o(t). List the prime factors of a(4).
2
Let f = 2 - -2. List the prime factors of f/(-14) - (-580)/70.
2
Let a = 25 + -19. List the prime factors of (4 + -98)*(-3)/a.
47
Suppose 0 = 2*t - 2*o - 120, -t + 4*o - 38 = -101. Suppose -3 = 4*s - t. List the prime factors of s.
2, 7
Let y(c) = 4*c**2 - 4*c + c**3 - 4*c**2 - 3. Let f be y(-2). What are the prime factors of (-1)/f + (-10)/(-6)?
2
Let v = 23 + 3. What are the prime factors of v?
2, 13
Let m = -6 + 11. Suppose m*v = 31 + 64. Suppose 2*r + 5*y = r - v, -5*y = -r + 31. What are the prime factors of r?
2, 3
List the prime factors of (-6)/42 + 213/21.
2, 5
List the prime factors of (-3 - -2)/(-3) - 608/(-3).
7, 29
Let a(w) = -w**3 + 6*w**2 + 4*w - 5. List the prime factors of a(6).
19
Let u = -312 + 485. What are the prime factors of u?
173
Let i be (-78)/24 - (-3)/(-4). Let l(n) = -n**3 - 4*n**2 - n + 1. Let h be l(i). Suppose -7 = -3*d + h. List the prime factors of d.
2
Let u(x) = x - 2. List the prime factors of u(12).
2, 5
Let n be (-1)/(-2*1/6). Let w be (n/6)/((-1)/2). What are the prime factors of 8 - w/(-1)*-2?
2, 5
Let a = 309 + -213. List the prime factors of a.
2, 3
Let d = 11 + 1. Let k = 22 - d. What are the prime factors of k?
2, 5
Let h(m) = 8*m - 1 - 5*m - 4*m + 2. What are the prime factors of h(-11)?
2, 3
Suppose k = 3, -4*o + 2*o + 325 = k. What are the prime factors of o?
7, 23
Suppose 2*p = p. List the prime factors of p + -2 - -5 - -10.
13
Suppose 4*z - 5*a = -0*a + 10, 4*a = -3*z - 8. Suppose -12 = 3*k, z*k + 59 = 5*t - k. What are the prime